 Suppose q = -3*q. Suppose 5*u - 80 = -b - 24, -5*u + 5*b + 80 = q. What is the remainder when j(-7) is divided by u?
11
Let i(k) = 6*k**2. Let o be i(-1). Suppose 0 = 5*r - o*r + 16. Calculate the remainder when 31 is divided by r.
15
Suppose -4*d = 2*b + 2*b - 76, 54 = 3*b + 2*d. Suppose 27 - 175 = -5*v + c, 2*v + c = 62. What is the remainder when v is divided by b?
14
Let a(z) = -2*z**3 - 4*z**2 - 4*z - 4. Let k be ((-3)/3)/((-1)/(-3)). Suppose 3 + 4 = h. What is the remainder when a(k) is divided by h?
5
Let v = 54 + -29. What is the remainder when v is divided by 15?
10
Let l(w) be the first derivative of w**2 - 6*w + 2. Let m be l(6). Suppose -4*x + m*x = 12. Calculate the remainder when 17 is divided by x.
5
Let f(t) = 2*t**2. Let r be f(1). Let k be (r - 3) + 1*46. Suppose 3*y + 185 = 8*y + 3*i, i + k = y. What is the remainder when y is divided by 14?
12
Suppose 23*x = 19*x + 236. What is the remainder when 175 is divided by x?
57
Let i = 5 - 1. Calculate the remainder when (-720)/(-52) + (-4)/(-26) is divided by i.
2
Let t = 17 + -7. Suppose 0 = -4*q + 4, 7*r + 5*q + 2 = 8*r. Calculate the remainder when t is divided by r.
3
Let p be (-1 - (6 + 4))*-2. Let r(l) = -9*l - 1. Let y be r(-2). Suppose 2*d + 2*k - y = 3, 2*k = 4*d - p. What is the remainder when 19 is divided by d?
5
Let v(n) = -36*n**3 + 1. Let l = -1 + 0. What is the remainder when v(l) is divided by 26*-2*2/(-8)?
11
Let o(a) be the third derivative of -a**4/8 - a**3/6 + a**2. Let j be o(1). What is the remainder when 28 is divided by j/(-14) - (-412)/28?
13
Suppose g = 13 - 2. What is the remainder when 40 is divided by g?
7
Let g = -13 - -35. Calculate the remainder when -5 + ((-194)/(-2) - 6) is divided by g.
20
Suppose -p = -0*p + d - 149, 3*d = p - 157. Let i = p - 87. Calculate the remainder when (-1 - 0) + i + -1 is divided by 16.
14
Let u(s) = s**2 + 2*s - 88. Let j be u(0). Let g = j - -157. Calculate the remainder when g is divided by 14.
13
Let c(a) = -a**2 - 7*a. Let i = 81 + -52. What is the remainder when i is divided by c(-5)?
9
Let v = 41 + -34. Calculate the remainder when v is divided by 3.
1
Let y be -1*4 + -1 + 4. Let k(t) = t**2 - 6*t + 4. Let f be k(4). Let v = y - f. What is the remainder when v is divided by 1?
0
Suppose s - 2 = 5*y, -s + 2*y - 6*y + 2 = 0. Suppose s*w - 18 = -3*j, -3*w - 8*j + 29 = -4*j. Calculate the remainder when w is divided by 6.
3
Let b(y) = -y**2 - 11*y + 4. Calculate the remainder when 12 is divided by b(-11).
0
Let n(k) = -2*k**2 + 1. Let d(a) = a**2 - a. Let b(l) = 3*d(l) + n(l). What is the remainder when 13 is divided by b(4)?
3
Let q(c) = 42*c - 1. Let x be q(1). Let t = x + -28. What is the remainder when t is divided by 5?
3
Let y = -16 + 47. Calculate the remainder when (y/(-4) - -3)*-8 is divided by 13.
12
Let l(n) = 3*n - 1. Let p = -9 - -40. Calculate the remainder when p is divided by l(6).
14
Let d(s) = 52*s**2 - s - 1. Let j(v) = v**3. Let o be j(-1). Let l = 34 + -16. What is the remainder when d(o) is divided by l?
16
Let u = 123 - 106. Suppose 5*a = -3*y + 89, -y + 62 = y + 2*a. What is the remainder when y is divided by u?
16
Suppose -h - 9 = -63. Suppose 5*x - 3*k = 3*x - h, 0 = 4*k - 16. Let i = -11 - x. What is the remainder when i is divided by 4?
2
Let r = 126 + -104. What is the remainder when 65 is divided by r?
21
Suppose m = -4*m + 50. Let x = 32 - 14. Calculate the remainder when x is divided by m.
8
Suppose -5*t + 19 = 2*d, 4*t - 46 = -4*d + 2*t. Suppose -235 = -3*a - 2*a - 2*l, 2*a = -l + 95. Calculate the remainder when a is divided by d.
9
Let i = 31 - -2. Let v = -5 - -14. What is the remainder when i is divided by v?
6
Let a = -20 - -11. Calculate the remainder when 22 is divided by 33/a*-3 + -3.
6
Suppose 2*o - 244 = -2*o. Calculate the remainder when o is divided by 21.
19
Suppose -3*d + 12 = 0, 2*b - 5*b + 160 = -5*d. Suppose -5*j + 3*j = -194. Let w = j - b. What is the remainder when w is divided by 19?
18
Suppose 4*x - 137 = 23. Suppose -2*m + x = 3*m. Suppose -3 = q + 3*g, 2*q - 2*g - 15 = -5. What is the remainder when m is divided by q?
2
Suppose -w + 14 + 22 = 0. What is the remainder when w is divided by 13?
10
Suppose -2*v = -4*c - 8, -v - c = -5*c. Suppose -l - v = -2*l. Let d(o) = -5*o**3 - o**2 + 1. Calculate the remainder when l is divided by d(-1).
3
Let h(u) = 3*u**2 - 4*u - 4. Calculate the remainder when 53 is divided by h(3).
9
Suppose 19*y - 16*y = 216. Calculate the remainder when y is divided by 15.
12
Suppose 0*j - j + 34 = 0. Calculate the remainder when j is divided by 19.
15
Let i be ((-6)/(-5))/((-6)/(-20)). Calculate the remainder when 3 is divided by i/3*3/2.
1
Calculate the remainder when 94/4*(-6)/(-3) is divided by (-43)/(-4) - (15/20)/1.
7
Suppose 4*g = g. Let h = g + 2. Suppose d = -h*x + 9, 3*x + 0*d + d = 11. What is the remainder when 2 is divided by x?
0
Let x(j) = -7*j - 6. Let b be (-3 - (-4)/2) + -3. What is the remainder when x(b) is divided by 44/154 + (-54)/(-7)?
6
Let m = 397 - 136. What is the remainder when m is divided by 53?
49
Let v be (-1)/(-3) - 2103/(-9). Suppose 2*c - 12 = -c, v = 5*u + c. Suppose -2*y + u - 10 = 0. Calculate the remainder when 52 is divided by y.
16
Suppose 1 = r - 10. What is the remainder when 20 is divided by r?
9
What is the remainder when 98 is divided by (4 - (3 + -1))*(11 + -1)?
18
Suppose -4*o + 32 = 4*r, r + 5*o - o = -7. What is the remainder when 37 is divided by r?
11
Let j(r) = 23*r - 4. Let a be j(4). Let y = -43 + a. What is the remainder when y is divided by 16?
13
Suppose 0 = 10*b - 7*b - 12. Let w = 3 + -7. Calculate the remainder when 0 - 0 - (w - 2) is divided by b.
2
Suppose 0*f - 2 = 4*f + 2*b, -2*f - 3*b + 5 = 0. What is the remainder when ((-2)/f)/(8/200) is divided by 7?
4
Suppose 7*u - 12*u + 30 = 0. Calculate the remainder when 22 is divided by u.
4
Let b(c) = -17*c - 3. Let w be b(-4). Suppose 2*q - w = -3*q. Calculate the remainder when q is divided by 4.
1
Let z(r) = r**3 - 4*r - 1. Suppose -2*f + 4*y - 4 = 0, -2*f - 5*y + 4 = 8. Let x(w) = -14*w - 1. Calculate the remainder when x(f) is divided by z(3).
13
Calculate the remainder when 2/(-1 - (-35)/33) is divided by 9.
6
Let y = 27 - 22. Let r(w) = 13*w - 4*w + 0 - 7 - w**2. What is the remainder when 25 is divided by r(y)?
12
Let v = 13 + 26. What is the remainder when v is divided by 20?
19
Suppose -2*w = -26 + 4. Let h(c) = c**2 - 4*c - 6. Let r be h(6). Let j = 10 - r. What is the remainder when w is divided by j?
3
What is the remainder when -5 + (-27 + 4)*-2 is divided by 8?
1
Suppose -81 = -m + 18. What is the remainder when m is divided by 37?
25
Let x be ((-40)/(-2))/((-4)/(-6)). Suppose z - x = -10. What is the remainder when 110/2 + (6 - 3) is divided by z?
18
Let o(q) = -q**3 - 10*q**2 - 3*q + 10. Suppose -5*z + 60 = 2*c, -4*c + 9 = 29. What is the remainder when o(-10) is divided by z?
12
Let n(y) = -y**3 - 14*y**2 - 29*y - 21. Calculate the remainder when n(-12) is divided by 14.
11
Let x(g) = -3*g - g + 2*g - 5. Calculate the remainder when x(-10) is divided by 9.
6
Let c = 10 - -1. Let l(i) = 2*i + 7. Calculate the remainder when l(12) is divided by c.
9
Suppose 0*i + 84 = 4*v + i, -5*v - i + 104 = 0. Let b = v - 7. What is the remainder when 24 is divided by b?
11
Suppose m - 5*m = 0. Suppose m - 42 = -3*r. Suppose 3*g - v = 14, 2*g - 5*v = -0*v + 18. What is the remainder when r is divided by g?
2
Let j(u) = u**2 + 5*u - 1. Let k(c) = -c - 3. Let h be k(3). What is the remainder when 9 is divided by j(h)?
4
Let z = -7 - -7. Suppose -3*o - 12 = z, 2*o = 5*r + o - 149. Calculate the remainder when r is divided by 15.
14
Suppose -s + 3*s - 12 = 0. Calculate the remainder when s is divided by 3.
0
Let p(v) = -v**3 + 9*v**2 - 7*v. Let k be 3*(-6)/(-9) - 0. Suppose 3*g - 5*y = 59, y = -4*g + k*y + 56. Calculate the remainder when p(7) is divided by g.
10
Let q = 54 - 44. Calculate the remainder when 28 - -1*(3 + -3) is divided by q.
8
Suppose 3*w - 12 = 0, -3*w = -5*b + w + 54. Let s = -1 - -9. Calculate the remainder when b is divided by s.
6
Let x(r) = r + 52. What is the remainder when x(-13) is divided by -1 + 0 - -3*7?
19
Suppose 2*f = -4*s + 19 + 3, -6 = -3*s. Let i = -6 - -8. What is the remainder when 0 + -1 +